What is the remainder when 80764 is divided by 25?
14
What is the remainder when 256234 is divided by 613?
0
What is the remainder when 239029 is divided by 106?
105
What is the remainder when 1997 is divided by 103?
40
Calculate the remainder when 15531 is divided by 5.
1
What is the remainder when 5106 is divided by 1696?
18
Calculate the remainder when 5370 is divided by 32.
26
Calculate the remainder when 6314 is divided by 484.
22
Calculate the remainder when 10698 is divided by 87.
84
Calculate the remainder when 3388 is divided by 169.
8
Calculate the remainder when 128152 is divided by 355.
352
Calculate the remainder when 1063 is divided by 514.
35
What is the remainder when 2454 is divided by 3?
0
Calculate the remainder when 1450699 is divided by 20.
19
What is the remainder when 13080 is divided by 37?
19
What is the remainder when 3166281 is divided by 166?
163
What is the remainder when 43536 is divided by 4837?
3
What is the remainder when 2160077 is divided by 20?
17
What is the remainder when 63892 is divided by 4914?
10
Calculate the remainder when 1165 is divided by 481.
203
Calculate the remainder when 3049 is divided by 6.
1
What is the remainder when 483269 is divided by 905?
904
Calculate the remainder when 1879 is divided by 506.
361
What is the remainder when 123429 is divided by 45?
39
What is the remainder when 144733 is divided by 72360?
13
Calculate the remainder when 8493 is divided by 4182.
129
Calculate the remainder when 111784 is divided by 186.
184
What is the remainder when 3173 is divided by 1528?
117
Calculate the remainder when 383 is divided by 64.
63
What is the remainder when 10188 is divided by 23?
22
Calculate the remainder when 1579828 is divided by 1622.
0
Calculate the remainder when 59105 is divided by 275.
255
Calculate the remainder when 4563 is divided by 785.
638
What is the remainder when 38102 is divided by 19043?
16
What is the remainder when 18968 is divided by 487?
462
Calculate the remainder when 1582216 is divided by 395553.
4
What is the remainder when 2157839 is divided by 333?
332
Calculate the remainder when 14489 is divided by 30.
29
Calculate the remainder when 13051 is divided by 208.
155
Calculate the remainder when 40371 is divided by 412.
407
What is the remainder when 53289 is divided by 151?
137
Calculate the remainder when 84899 is divided by 255.
239
What is the remainder when 153281 is divided by 952?
9
Calculate the remainder when 2869 is divided by 1205.
459
Calculate the remainder when 45402 is divided by 28.
14
Calculate the remainder when 1639 is divided by 800.
39
What is the remainder when 9262 is divided by 102?
82
Calculate the remainder when 175026 is divided by 133.
131
Calculate the remainder when 1051 is divided by 110.
61
Calculate the remainder when 15127 is divided by 3780.
7
Calculate the remainder when 124031 is divided by 47.
45
What is the remainder when 14231 is divided by 4742?
5
Calculate the remainder when 3264 is divided by 169.
53
Calculate the remainder when 68122 is divided by 28.
26
What is the remainder when 4078 is divided by 114?
88
Calculate the remainder when 494847 is divided by 15.
12
Calculate the remainder when 126825 is divided by 211.
14
What is the remainder when 778068 is divided by 469?
466
What is the remainder when 67827 is divided by 7530?
57
Calculate the remainder when 4645 is divided by 2322.
1
Calculate the remainder when 4653075 is divided by 431.
430
What is the remainder when 19620 is divided by 17?
2
Calculate the remainder when 54940 is divided by 229.
209
What is the remainder when 7302 is divided by 122?
104
Calculate the remainder when 32198 is divided by 13.
10
Calculate the remainder when 157771 is divided by 64.
11
Calculate the remainder when 96794 is divided by 19350.
44
What is the remainder when 8150 is divided by 1355?
20
Calculate the remainder when 39370 is divided by 1406.
2
Calculate the remainder when 121701 is divided by 371.
13
Calculate the remainder when 2340 is divided by 147.
135
What is the remainder when 9307 is divided by 423?
1
What is the remainder when 766215 is divided by 36?
27
What is the remainder when 27229 is divided by 3886?
27
What is the remainder when 137320 is divided by 2452?
8
Calculate the remainder when 20439 is divided by 28.
27
What is the remainder when 839 is divided by 790?
49
What is the remainder when 1590 is divided by 108?
78
Calculate the remainder when 370706 is divided by 503.
498
What is the remainder when 102167 is divided by 467?
361
Calculate the remainder when 2984429 is divided by 15.
14
What is the remainder when 37633 is divided by 243?
211
Calculate the remainder when 60646 is divided by 12.
10
Calculate the remainder when 335589 is divided by 237.
234
What is the remainder when 16123 is divided by 493?
347
What is the remainder when 181784 is divided by 1082?
8
Calculate the remainder when 80068 is divided by 27.
13
Calculate the remainder when 238175 is divided by 484.
47
Calculate the remainder when 78814 is divided by 251.
0
What is the remainder when 27958 is divided by 9281?
115
What is the remainder when 965837 is divided by 1084?
1077
What is the remainder when 224 is divided by 88?
48
What is the remainder when 389945 is divided by 41?
35
Calculate the remainder when 110943 is divided by 17.
1
What is the remainder when 3935 is divided by 8?
7
Calculate the remainder when 38099 is divided by 96.
83
What is the remainder when 8204 is divided by 114?
110
Calculate the remainder when 1035864 is divided by 45.
9
What is the remainder when 664750 is divided by 20?
10
What is the remainder when 3721 is divided by 105?
46
What is the remainder when 73340 is divided by 978?
968
Calculate the remainder when 2297 is divided by 28.
1
What is the remainder when 379209 is divided by 28?
5
Calculate the remainder when 124405 is divided by 177.
151
What is the remainder when 43019 is divided by 21501?
17
What is the remainder when 4324 is divided by 802?
314
Calculate the remainder when 226463 is divided by 56610.
23
Calculate the remainder when 143816 is divided by 81.
41
Calculate the remainder when 127875 is divided by 406.
391
Calculate the remainder when 376701 is divided by 218.
215
What is the remainder when 552 is divided by 26?
6
What is the remainder when 16234 is divided by 132?
130
What is the remainder when 74008 is divided by 301?
263
What is the remainder when 4552504 is divided by 1277?
1276
What is the remainder when 1062 is divided by 183?
147
Calculate the remainder when 6221 is divided by 1343.
849
Calculate the remainder when 5294 is divided by 5239.
55
What is the remainder when 251978 is divided by 698?
0
What is the remainder when 19733 is divided by 789?
8
Calculate the remainder when 1031937 is divided by 52.
49
What is the remainder when 404143 is divided by 67357?
1
What is the remainder when 116792 is divided by 1743?
11
Calculate the remainder when 356 is divided by 292.
64
What is the remainder when 21979 is divided by 22?
1
What is the remainder when 57551 is divided by 17?
6
Calculate the remainder when 22615 is divided by 150.
115
Calculate the remainder when 307878 is divided by 1720.
1718
Calculate the remainder when 16863 is divided by 444.
435
What is the remainder when 10800 is divided by 39?
36
Calculate the remainder when 3843 is divided by 8.
3
What is the remainder when 541444 is divided by 41?
39
What is the remainder when 64337 is divided by 64322?
15
What is the remainder when 390148 is divided by 97537?
0
What is the remainder when 420904 is divided by 19?
16
Calculate the remainder when 1246 is divided by 318.
292
What is the remainder when 26073 is divided by 100?
73
Calculate the remainder when 9482 is divided by 4730.
22
Calculate the remainder when 13286 is divided by 22.
20
What is the remainder when 3979 is divided by 655?
49
Calculate the remainder when 1992866 is divided by 641.
638
Calculate the remainder when 38572 is divided by 1102.
2
Calculate the remainder when 56899 is divided by 204.
187
What is the remainder when 132641 is divided by 111?
107
Calculate the remainder when 19275 is divided by 14.
11
What is the remainder when 32285 is divided by 209?
99
Calculate the remainder when 66252 is di